{"id":1149,"date":"2009-02-18T18:00:48","date_gmt":"2009-02-18T17:00:48","guid":{"rendered":"http:\/\/ladoalado.brianzaest.it\/?page_id=1149"},"modified":"2017-08-18T14:50:26","modified_gmt":"2017-08-18T12:50:26","slug":"15-gen-2007","status":"publish","type":"page","link":"http:\/\/ladoalado.brianzaest.it\/?page_id=1149","title":{"rendered":"15 Gen 2007"},"content":{"rendered":"<p>\u00ab <em><a href=\"?page_id=1145\">Torna al 14 Gennaio 2007<\/a><\/em><\/p>\n<p><strong>Luned\u00ec 15 Gennaio<\/strong><\/p>\n<p>Dopo la colazione alle 7.30 partiamo con Padre Emilio Giorgi per la Ilha de Mo\u00e7ambique. Padre Giorgi \u00e8 un dehoniano come il vescovo ed \u00e8 il suo segretario anche se lui stesso ha ovviamente una parrocchia con scuole e oratorio a Nampula. E&#8217; dal 1969 in Mozambico, ha vissuto la guerra d&#8217;indipendenza e la successiva guerra civile ma ci accorgiamo che non ama molto parlarne. E&#8217; originario della provincia di Brescia e lascia trasparire una sua preferenza politica per la Re.Na.Mo. da sempre all&#8217;opposizione in Mozambico che invece \u00e8 governato dal Fre.Li.Mo. partito di ispirazione marxista vincitore della guerra.<\/p>\n<a name=spwa><\/a><p><strong><\/strong> ( photos)<br>1 Gennaio 1970<br><\/p><table width=100% cellpadding=0 cellspacing=0 border=0><td><img src=http:\/\/ladoalado.brianzaest.it\/wp-content\/plugins\/altpwa\/images\/gol.gif height=64 width=64 hspace=0 vspace=0 border=0><\/td><td><img src=http:\/\/ladoalado.brianzaest.it\/wp-content\/plugins\/altpwa\/images\/gol.gif height=64 width=64 hspace=0 vspace=0 border=0><\/td><td><img src=http:\/\/ladoalado.brianzaest.it\/wp-content\/plugins\/altpwa\/images\/gol.gif height=64 width=64 hspace=0 vspace=0 border=0><\/td><td><img src=http:\/\/ladoalado.brianzaest.it\/wp-content\/plugins\/altpwa\/images\/gol.gif height=64 width=64 hspace=0 vspace=0 border=0><\/td><td><img src=http:\/\/ladoalado.brianzaest.it\/wp-content\/plugins\/altpwa\/images\/gol.gif height=64 width=64 hspace=0 vspace=0 border=0><\/td><td><img src=http:\/\/ladoalado.brianzaest.it\/wp-content\/plugins\/altpwa\/images\/gol.gif height=64 width=64 hspace=0 vspace=0 border=0><\/td><td><img src=http:\/\/ladoalado.brianzaest.it\/wp-content\/plugins\/altpwa\/images\/gol.gif height=64 width=64 hspace=0 vspace=0 border=0><\/td><td><img src=http:\/\/ladoalado.brianzaest.it\/wp-content\/plugins\/altpwa\/images\/gol.gif height=64 width=64 hspace=0 vspace=0 border=0><\/td><td><img src=http:\/\/ladoalado.brianzaest.it\/wp-content\/plugins\/altpwa\/images\/gol.gif height=64 width=64 hspace=0 vspace=0 border=0><\/td><\/tr><\/table><p><b>Note:<\/b> To see the pictures in the original Picasa album, click <a href='' target=_blank>here<\/a>\n<p>Dobbiamo fare 190 km in auto tra villaggi, qualche montagnetta, piantagioni di cajou, arachidi, cotone. Arriviamo alla Ilha, collagata alla terraferma da uno stretto ponte lungo 3 km, il posto \u00e8 stupendo: il mare ha un fondo corallino, limpidissimo e multicolore, vediamo diverse barche di pescatori, il mare qui \u00e8 generoso. Andiamo ad incontrare Padre Bruno, veronese da 26 anni sulla Ilha, non capiamo bene se comboniano o ex-comboniano, sicuramente una personalit\u00e0 di spicco dell&#8217;isola. Attivissimo e poliedrico ci racconta della sua esperienza con i ragazzi (investe tutto sulla loro formazione) e di come sta ristrutturando l&#8217;ex-ambasciata francese ora di propriet\u00e0 della diocesi di Nakala. L&#8217;immobile \u00e8 sul mare in posizione stupenda, dalla terrazza c&#8217;\u00e8 un panorama impagabile, in altre realt\u00e0 sarebbe stato un albergo extralusso, qui a momenti cade a pezzi.<\/p>\n<p>Un po&#8217; come turisti (non per caso per\u00f2) andiamo a visitare il forte all&#8217;estremit\u00e0 nord dell&#8217;isola dove all&#8217;epoca del colonialismo venivano imprigionati e poi imbarcati gli schiavi utilizzati prevelentemente in altre colonie portoghesi quali il Brasile. Provo una profonda vergogna come bianco e cattolico per quello che \u00e8 stato fatto ai Mozambicani e Angolani non pi\u00f9 tardi di qualche secolo fa. Tutti pensiamo a quando Papa Giovanni Paolo II ha chiesto scusa in Senegal per quanto fatto dalla Chiesa a quei tempi. Ci dicono che la chiesa del forte (del 1500) \u00e8 la pi\u00f9 antica costruzione degli occidentali in tutto l&#8217;emisfero australe.<\/p>\n<p>Visitiamo poi in Palazzo Reale perch\u00e8 la Ilha \u00e8 stata fino a met\u00e0 del secolo scorso capitale del Mozambico, gli arredi, i lampadari, le architetture per qualche istante ci fanno credere di non essere pi\u00f9 in africa ma in qualche palazzo della nostra vecchia Europa.<\/p>\n<p>Andiamo a pranzo all&#8217;Hotel Escondidinho dove ci eravamo dati appuntamento con Padre Bruno, hanno una sola aragosta che ci dividiamo in 7 e che accompagnamo con gamberoni, verdure, dolce, caff\u00e8 per un totale di 110 Euro circa. Padre Bruno ci racconta un po&#8217; della guerra, ma anche per lui sono ricordi dolorosi, ci conferma inoltre che dopo poche settimane lo trasferiranno ma si dice fiducioso che il suo successore sapr\u00e0 continuare la sua opera e magari fare ancor meglio.<\/p>\n<p>Nel pomeriggio andiamo a fare un bagno alla spiaggia di Lumbo, l&#8217;acqua dell&#8217;Oceano Indiano \u00e8 caldissima (incredibilmente calda) mentre la spiaggia non \u00e8 da urlo. Acquistiamo tutti delle conchiglie da dei bambini increduli per quanto siamo disposti a pagare (200 Meticals = 7 Euro per 8 conchiglie) e per i nostri fisici bianchi, grassi e pelosi. Facciamo il bagno solo io, Davide e Roberto, mentre Eugenio fa comunque in tempo a ferirsi un piede con uno scoglio in spiaggia.<\/p>\n<p>Durante il viaggio di ritorno ci fermiamo per strada a comprare sacchetti interi di cajou, anche qui c&#8217;\u00e8 un po&#8217; di assalto dei venditori ma alla fine comperiamo un po&#8217; da tutti. Rientriamo a Nampula alle 18.00, siamo abbastanza sovraesposti per il troppo sole, una doccia fredda \u00e8 quel che ci vuole. Cena, discussione e a nanna.<\/p>\n<p>Passo una notte agitata con innumerevoli sedute sul gabinetto, chiss\u00e0 cosa \u00e8 stato&#8230;<\/p>\n<p><em><a href=\"?page_id=1155\">Vai al 16 Gennaio 2007<\/a><\/em> \u00bb<\/p>\n","protected":false},"excerpt":{"rendered":"<p>\u00ab Torna al 14 Gennaio 2007 Luned\u00ec 15 Gennaio Dopo la colazione alle 7.30 partiamo con Padre Emilio Giorgi per la Ilha de Mo\u00e7ambique. Padre Giorgi \u00e8 un dehoniano come il vescovo ed \u00e8 il suo segretario anche se lui stesso ha ovviamente una parrocchia con scuole e oratorio a Nampula. E&#8217; dal 1969 in [&hellip;]<\/p>\n","protected":false},"author":1,"featured_media":0,"parent":43,"menu_order":15,"comment_status":"closed","ping_status":"closed","template":"","meta":[],"_links":{"self":[{"href":"http:\/\/ladoalado.brianzaest.it\/index.php?rest_route=\/wp\/v2\/pages\/1149"}],"collection":[{"href":"http:\/\/ladoalado.brianzaest.it\/index.php?rest_route=\/wp\/v2\/pages"}],"about":[{"href":"http:\/\/ladoalado.brianzaest.it\/index.php?rest_route=\/wp\/v2\/types\/page"}],"author":[{"embeddable":true,"href":"http:\/\/ladoalado.brianzaest.it\/index.php?rest_route=\/wp\/v2\/users\/1"}],"replies":[{"embeddable":true,"href":"http:\/\/ladoalado.brianzaest.it\/index.php?rest_route=%2Fwp%2Fv2%2Fcomments&post=1149"}],"version-history":[{"count":20,"href":"http:\/\/ladoalado.brianzaest.it\/index.php?rest_route=\/wp\/v2\/pages\/1149\/revisions"}],"predecessor-version":[{"id":4748,"href":"http:\/\/ladoalado.brianzaest.it\/index.php?rest_route=\/wp\/v2\/pages\/1149\/revisions\/4748"}],"up":[{"embeddable":true,"href":"http:\/\/ladoalado.brianzaest.it\/index.php?rest_route=\/wp\/v2\/pages\/43"}],"wp:attachment":[{"href":"http:\/\/ladoalado.brianzaest.it\/index.php?rest_route=%2Fwp%2Fv2%2Fmedia&parent=1149"}],"curies":[{"name":"wp","href":"https:\/\/api.w.org\/{rel}","templated":true}]}}

<p>« <em><a href="?page_id=1145">Torna al 14 Gennaio 2007</a></em></p>
<p><strong>Lunedì 15 Gennaio</strong></p>
<p>Dopo la colazione alle 7.30 partiamo con Padre Emilio Giorgi per la Ilha de Moçambique. Padre Giorgi è un dehoniano come il vescovo ed è il suo segretario anche se lui stesso ha ovviamente una parrocchia con scuole e oratorio a Nampula. E&#8217; dal 1969 in Mozambico, ha vissuto la guerra d&#8217;indipendenza e la successiva guerra civile ma ci accorgiamo che non ama molto parlarne. E&#8217; originario della provincia di Brescia e lascia trasparire una sua preferenza politica per la Re.Na.Mo. da sempre all&#8217;opposizione in Mozambico che invece è governato dal Fre.Li.Mo. partito di ispirazione marxista vincitore della guerra.</p>
<a name=spwa></a><p><strong></strong> ( photos)<br>1 Gennaio 1970<br></p><table width=100% cellpadding=0 cellspacing=0 border=0><td><img src=http://ladoalado.brianzaest.it/wp-content/plugins/altpwa/images/gol.gif height=64 width=64 hspace=0 vspace=0 border=0></td><td><img src=http://ladoalado.brianzaest.it/wp-content/plugins/altpwa/images/gol.gif height=64 width=64 hspace=0 vspace=0 border=0></td><td><img src=http://ladoalado.brianzaest.it/wp-content/plugins/altpwa/images/gol.gif height=64 width=64 hspace=0 vspace=0 border=0></td><td><img src=http://ladoalado.brianzaest.it/wp-content/plugins/altpwa/images/gol.gif height=64 width=64 hspace=0 vspace=0 border=0></td><td><img src=http://ladoalado.brianzaest.it/wp-content/plugins/altpwa/images/gol.gif height=64 width=64 hspace=0 vspace=0 border=0></td><td><img src=http://ladoalado.brianzaest.it/wp-content/plugins/altpwa/images/gol.gif height=64 width=64 hspace=0 vspace=0 border=0></td><td><img src=http://ladoalado.brianzaest.it/wp-content/plugins/altpwa/images/gol.gif height=64 width=64 hspace=0 vspace=0 border=0></td><td><img src=http://ladoalado.brianzaest.it/wp-content/plugins/altpwa/images/gol.gif height=64 width=64 hspace=0 vspace=0 border=0></td><td><img src=http://ladoalado.brianzaest.it/wp-content/plugins/altpwa/images/gol.gif height=64 width=64 hspace=0 vspace=0 border=0></td></tr></table><p><b>Note:</b> To see the pictures in the original Picasa album, click <a href='' target=_blank>here</a>
<p>Dobbiamo fare 190 km in auto tra villaggi, qualche montagnetta, piantagioni di cajou, arachidi, cotone. Arriviamo alla Ilha, collagata alla terraferma da uno stretto ponte lungo 3 km, il posto è stupendo: il mare ha un fondo corallino, limpidissimo e multicolore, vediamo diverse barche di pescatori, il mare qui è generoso. Andiamo ad incontrare Padre Bruno, veronese da 26 anni sulla Ilha, non capiamo bene se comboniano o ex-comboniano, sicuramente una personalità di spicco dell&#8217;isola. Attivissimo e poliedrico ci racconta della sua esperienza con i ragazzi (investe tutto sulla loro formazione) e di come sta ristrutturando l&#8217;ex-ambasciata francese ora di proprietà della diocesi di Nakala. L&#8217;immobile è sul mare in posizione stupenda, dalla terrazza c&#8217;è un panorama impagabile, in altre realtà sarebbe stato un albergo extralusso, qui a momenti cade a pezzi.</p>
<p>Un po&#8217; come turisti (non per caso però) andiamo a visitare il forte all&#8217;estremità nord dell&#8217;isola dove all&#8217;epoca del colonialismo venivano imprigionati e poi imbarcati gli schiavi utilizzati prevelentemente in altre colonie portoghesi quali il Brasile. Provo una profonda vergogna come bianco e cattolico per quello che è stato fatto ai Mozambicani e Angolani non più tardi di qualche secolo fa. Tutti pensiamo a quando Papa Giovanni Paolo II ha chiesto scusa in Senegal per quanto fatto dalla Chiesa a quei tempi. Ci dicono che la chiesa del forte (del 1500) è la più antica costruzione degli occidentali in tutto l&#8217;emisfero australe.</p>
<p>Visitiamo poi in Palazzo Reale perchè la Ilha è stata fino a metà del secolo scorso capitale del Mozambico, gli arredi, i lampadari, le architetture per qualche istante ci fanno credere di non essere più in africa ma in qualche palazzo della nostra vecchia Europa.</p>
<p>Andiamo a pranzo all&#8217;Hotel Escondidinho dove ci eravamo dati appuntamento con Padre Bruno, hanno una sola aragosta che ci dividiamo in 7 e che accompagnamo con gamberoni, verdure, dolce, caffè per un totale di 110 Euro circa. Padre Bruno ci racconta un po&#8217; della guerra, ma anche per lui sono ricordi dolorosi, ci conferma inoltre che dopo poche settimane lo trasferiranno ma si dice fiducioso che il suo successore saprà continuare la sua opera e magari fare ancor meglio.</p>
<p>Nel pomeriggio andiamo a fare un bagno alla spiaggia di Lumbo, l&#8217;acqua dell&#8217;Oceano Indiano è caldissima (incredibilmente calda) mentre la spiaggia non è da urlo. Acquistiamo tutti delle conchiglie da dei bambini increduli per quanto siamo disposti a pagare (200 Meticals = 7 Euro per 8 conchiglie) e per i nostri fisici bianchi, grassi e pelosi. Facciamo il bagno solo io, Davide e Roberto, mentre Eugenio fa comunque in tempo a ferirsi un piede con uno scoglio in spiaggia.</p>
<p>Durante il viaggio di ritorno ci fermiamo per strada a comprare sacchetti interi di cajou, anche qui c&#8217;è un po&#8217; di assalto dei venditori ma alla fine comperiamo un po&#8217; da tutti. Rientriamo a Nampula alle 18.00, siamo abbastanza sovraesposti per il troppo sole, una doccia fredda è quel che ci vuole. Cena, discussione e a nanna.</p>
<p>Passo una notte agitata con innumerevoli sedute sul gabinetto, chissà cosa è stato&#8230;</p>
<p><em><a href="?page_id=1155">Vai al 16 Gennaio 2007</a></em> »</p>

<p>« Torna al 14 Gennaio 2007 Lunedì 15 Gennaio Dopo la colazione alle 7.30 partiamo con Padre Emilio Giorgi per la Ilha de Moçambique. Padre Giorgi è un dehoniano come il vescovo ed è il suo segretario anche se lui stesso ha ovviamente una parrocchia con scuole e oratorio a Nampula. E&#8217; dal 1969 in [&hellip;]</p>
