{"id":288,"date":"2008-02-29T18:05:55","date_gmt":"2008-02-29T17:05:55","guid":{"rendered":"http:\/\/ladoalado.brianzaest.it\/?page_id=288"},"modified":"2017-08-18T15:40:25","modified_gmt":"2017-08-18T13:40:25","slug":"ospedale-marrere","status":"publish","type":"page","link":"https:\/\/ladoalado.brianzaest.it\/?page_id=288","title":{"rendered":"Ospedale di Marrere"},"content":{"rendered":"<p><a title=\"Momola\" href=\"http:\/\/ladoalado.brianzaest.it\/wp-content\/uploads\/2008\/02\/marrere.jpg\"><\/a><a href=\"http:\/\/ladoalado.brianzaest.it\/wp-content\/uploads\/2008\/02\/marrere.jpg\" target=\"_blank\"><img loading=\"lazy\" class=\"alignleft wp-image-335 size-medium\" style=\"margin: 0px 5px;\" title=\"Marrere\" src=\"http:\/\/ladoalado.brianzaest.it\/wp-content\/uploads\/2008\/02\/marrere-199x300.jpg\" alt=\"Marrere\" width=\"199\" height=\"300\" srcset=\"https:\/\/ladoalado.brianzaest.it\/wp-content\/uploads\/2008\/02\/marrere-199x300.jpg 199w, https:\/\/ladoalado.brianzaest.it\/wp-content\/uploads\/2008\/02\/marrere-680x1024.jpg 680w, https:\/\/ladoalado.brianzaest.it\/wp-content\/uploads\/2008\/02\/marrere.jpg 1000w\" sizes=\"(max-width: 199px) 100vw, 199px\" \/><\/a>L&#8217;associazione<strong> Lado a Lado Onlus<\/strong> nasce nel maggio 2007, dall&#8217;esperienza di volontariato a <strong>Nampula<\/strong> del <strong>dottor Giovanni Valera<\/strong> e dal <strong>gemellaggio <\/strong>fra la citt\u00e0 di <strong>Concorezzo <\/strong>e l&#8217;<strong>Arcidiocesi di Nampula<\/strong>.<br \/>\nUno degli scopi dell&#8217;associazione \u00e8 cooperare al miglioramento dei servizi sanitari di Nampula con particolare attenzione all&#8217;<strong>ospedale di Marrere<\/strong>.<\/p>\n<p>Infatti, gi\u00e0 prima della nascita dell&#8217;associazione, il dottor Valera operava, e tuttora opera, insieme ad altri dottori Italiani nell&#8217;ospedale di Marrere, coogestito tra l&#8217;Arcidiocesi e la provincia di Nampula. La struttura dell&#8217;ospedale, nato dai resti di una vecchia missione, \u00e8 stata rinnovata grazie anche agli aiuti della citt\u00e0 di Concorezzo, che ha fornito materiali e macchinari per il laboratorio d&#8217;analisi. La citt\u00e0 di <strong>Concorezzo <\/strong>inoltre <strong>ha contribuito<\/strong> alle spese di ristrutturazione di una <strong>strada che collega Marrere con il centro di Nampula<\/strong>, resa inagibile negli anni passati dalle copiose piogge monsoniche.<\/p>\n<p>Grazie ad un nostro socio, l&#8217;<strong>architetto Ezio Arlati<\/strong>, \u00e8 stato progettato in collaborazione con il <strong>Politecnico di Milano<\/strong> un nuovo <strong>reparto di tisiologia<\/strong>, malattia molto diffusa in Mozambico.<\/p>\n<p>Il progetto \u00e8 stato ultimato, ha trovato l&#8217;approvazione dell&#8217;autorit\u00e0 mozambicana ed ora <strong>deve vedersi realizzato sul campo<\/strong>. Questo progetto <strong>ricopre una vitale importanza<\/strong> poich\u00e9 tuttora i malati di tisi alloggiano nella cappella dell&#8217;ospedale insieme ai malati terminali di Aids, in una situazione perci\u00f2 poco sostenibile sia dal punto di vista sanitario, che da quello umano. Con la collaborazione della citt\u00e0 di Concorezzo, sono stati e saranno richiesti contributi a vari enti pubblici e non.<\/p>\n<p>Per ulteriori dettagli, vedi anche il documento <a title=\"FPMCI\" href=\"http:\/\/ladoalado.brianzaest.it\/wp-content\/uploads\/2009\/01\/presentazione-progetto-marrere-fpmci.pdf\">Presentazione Progetto Marrere FPMCI<\/a>.<\/p>\n<p>Potete vedere alcune altre immagini dell&#8217;ospedale di Marrere nel <a title=\"Report\" href=\"http:\/\/www.rai.tv\/dl\/RaiTV\/programmi\/media\/ContentItem-1ac32397-c612-460d-9543-82adb4a7c5ed.html\">video<\/a> del servizio &#8220;Vacanze generose&#8221; trasmesso dal programma di RaiTre &#8220;Report&#8221; nell&#8217;Aprile del 2008 e nel quale viene annoverato tra i protagonisti il nostro presidente di allora Giovanni Valera.<\/p>\n","protected":false},"excerpt":{"rendered":"<p>L&#8217;associazione Lado a Lado Onlus nasce nel maggio 2007, dall&#8217;esperienza di volontariato a Nampula del dottor Giovanni Valera e dal gemellaggio fra la citt\u00e0 di Concorezzo e l&#8217;Arcidiocesi di Nampula. Uno degli scopi dell&#8217;associazione \u00e8 cooperare al miglioramento dei servizi sanitari di Nampula con particolare attenzione all&#8217;ospedale di Marrere. Infatti, gi\u00e0 prima della nascita dell&#8217;associazione, [&hellip;]<\/p>\n","protected":false},"author":1,"featured_media":0,"parent":81,"menu_order":5,"comment_status":"closed","ping_status":"closed","template":"","meta":[],"_links":{"self":[{"href":"https:\/\/ladoalado.brianzaest.it\/index.php?rest_route=\/wp\/v2\/pages\/288"}],"collection":[{"href":"https:\/\/ladoalado.brianzaest.it\/index.php?rest_route=\/wp\/v2\/pages"}],"about":[{"href":"https:\/\/ladoalado.brianzaest.it\/index.php?rest_route=\/wp\/v2\/types\/page"}],"author":[{"embeddable":true,"href":"https:\/\/ladoalado.brianzaest.it\/index.php?rest_route=\/wp\/v2\/users\/1"}],"replies":[{"embeddable":true,"href":"https:\/\/ladoalado.brianzaest.it\/index.php?rest_route=%2Fwp%2Fv2%2Fcomments&post=288"}],"version-history":[{"count":93,"href":"https:\/\/ladoalado.brianzaest.it\/index.php?rest_route=\/wp\/v2\/pages\/288\/revisions"}],"predecessor-version":[{"id":4780,"href":"https:\/\/ladoalado.brianzaest.it\/index.php?rest_route=\/wp\/v2\/pages\/288\/revisions\/4780"}],"up":[{"embeddable":true,"href":"https:\/\/ladoalado.brianzaest.it\/index.php?rest_route=\/wp\/v2\/pages\/81"}],"wp:attachment":[{"href":"https:\/\/ladoalado.brianzaest.it\/index.php?rest_route=%2Fwp%2Fv2%2Fmedia&parent=288"}],"curies":[{"name":"wp","href":"https:\/\/api.w.org\/{rel}","templated":true}]}}